{"id":146,"date":"2019-01-28T23:19:21","date_gmt":"2019-01-28T22:19:21","guid":{"rendered":"http:\/\/www.leotheodon.com\/V4\/?page_id=146"},"modified":"2019-01-29T22:50:15","modified_gmt":"2019-01-29T21:50:15","slug":"education","status":"publish","type":"page","link":"https:\/\/www.leotheodon.com\/V4\/education\/","title":{"rendered":"Education"},"content":{"rendered":"\n<p>Dans cette rubrique, j&rsquo;essaie de regrouper l&rsquo;int\u00e9gralit\u00e9 de mes travaux acad\u00e9miques, et peut-\u00eatre, plus tard, d&rsquo;autres ressources pour l&rsquo;enseignement.<\/p>\n\n\n\n<div class=\"wp-block-columns has-2-columns is-layout-flex wp-container-core-columns-is-layout-9d6595d7 wp-block-columns-is-layout-flex\">\n<div class=\"wp-block-column is-layout-flow wp-block-column-is-layout-flow\">\n<p><strong>Derniers articles de Math\u00e9matiques :<\/strong><\/p>\n\n\n<ul class=\"wp-block-latest-posts__list wp-block-latest-posts\"><li><a class=\"wp-block-latest-posts__post-title\" href=\"https:\/\/www.leotheodon.com\/V4\/2019\/02\/03\/volume-de-lhypersphere\/\">Volume de l&rsquo;hypersph\u00e8re<\/a><\/li>\n<li><a class=\"wp-block-latest-posts__post-title\" href=\"https:\/\/www.leotheodon.com\/V4\/2019\/02\/02\/formule-de-stirling\/\">Formule de Stirling<\/a><\/li>\n<li><a class=\"wp-block-latest-posts__post-title\" href=\"https:\/\/www.leotheodon.com\/V4\/2019\/01\/29\/video-determiner-la-nature-dun-triangle-avec-pythagore\/\">[Vid\u00e9o] D\u00e9terminer la nature d&rsquo;un triangle avec Pythagore<\/a><\/li>\n<li><a class=\"wp-block-latest-posts__post-title\" href=\"https:\/\/www.leotheodon.com\/V4\/2019\/01\/29\/video-calculer-une-longueur-avec-pythagore\/\">[Vid\u00e9o] Calculer une longueur avec Pythagore<\/a><\/li>\n<li><a class=\"wp-block-latest-posts__post-title\" href=\"https:\/\/www.leotheodon.com\/V4\/2018\/12\/23\/projet-proprietes-quantiques-dune-particule\/\">[Projet] Propri\u00e9t\u00e9s quantiques d&rsquo;une particule<\/a><\/li>\n<\/ul>\n\n\n<p><\/p>\n<\/div>\n\n\n\n<div class=\"wp-block-column is-layout-flow wp-block-column-is-layout-flow\">\n<p><strong>Derniers articles de Physique:<\/strong><\/p>\n\n\n<ul class=\"wp-block-latest-posts__list wp-block-latest-posts\"><li><a class=\"wp-block-latest-posts__post-title\" href=\"https:\/\/www.leotheodon.com\/V4\/2019\/05\/31\/rapport-physique-statistique\/\">[Rapport] Statistique de Bose-Einstein<\/a><\/li>\n<li><a class=\"wp-block-latest-posts__post-title\" href=\"https:\/\/www.leotheodon.com\/V4\/2019\/04\/09\/rapport-liaisons-atomiques\/\">[Rapport] Liaisons atomiques<\/a><\/li>\n<li><a class=\"wp-block-latest-posts__post-title\" href=\"https:\/\/www.leotheodon.com\/V4\/2019\/02\/03\/diffraction-de-rayons-x-par-un-cristal\/\">Diffraction de rayons X par un cristal<\/a><\/li>\n<li><a class=\"wp-block-latest-posts__post-title\" href=\"https:\/\/www.leotheodon.com\/V4\/2019\/02\/03\/invariance-dun-reseau-de-bravais-par-rotation\/\">Invariance d&rsquo;un r\u00e9seau de Bravais par rotation<\/a><\/li>\n<li><a class=\"wp-block-latest-posts__post-title\" href=\"https:\/\/www.leotheodon.com\/V4\/2019\/02\/02\/oscillateur-harmonique-libre-non-amorti\/\">Oscillateur Harmonique libre non-amorti<\/a><\/li>\n<\/ul><\/div>\n<\/div>\n\n\n\n<p><strong>Derniers articles d&rsquo;Informatique :<\/strong><\/p>\n\n\n<ul class=\"wp-block-latest-posts__list wp-block-latest-posts\"><li><a class=\"wp-block-latest-posts__post-title\" href=\"https:\/\/www.leotheodon.com\/V4\/2019\/04\/02\/rapport-comparaison-dalgorithme-de-tri\/\">[Rapport] Comparaison d&rsquo;algorithmes de tri<\/a><\/li>\n<li><a class=\"wp-block-latest-posts__post-title\" href=\"https:\/\/www.leotheodon.com\/V4\/2019\/01\/28\/rapport-de-stage-ia-neural-network\/\">[Stage] IA &#038; Neural Network<\/a><\/li>\n<li><a class=\"wp-block-latest-posts__post-title\" href=\"https:\/\/www.leotheodon.com\/V4\/2018\/12\/23\/projet-proprietes-quantiques-dune-particule\/\">[Projet] Propri\u00e9t\u00e9s quantiques d&rsquo;une particule<\/a><\/li>\n<li><a class=\"wp-block-latest-posts__post-title\" href=\"https:\/\/www.leotheodon.com\/V4\/2007\/09\/28\/projet-ray-tracer-en-caml\/\">[Projet] Ray-Tracer en Caml<\/a><\/li>\n<\/ul>\n\n\n<p><\/p>\n","protected":false},"excerpt":{"rendered":"<p>Dans cette rubrique, j&rsquo;essaie de regrouper l&rsquo;int\u00e9gralit\u00e9 de mes travaux acad\u00e9miques, et peut-\u00eatre, plus tard, d&rsquo;autres ressources pour l&rsquo;enseignement. Derniers articles de Math\u00e9matiques : Derniers articles de Physique: Derniers articles d&rsquo;Informatique :<\/p>\n","protected":false},"author":1,"featured_media":194,"parent":0,"menu_order":0,"comment_status":"closed","ping_status":"closed","template":"","meta":{"rop_custom_images_group":[],"rop_custom_messages_group":[],"rop_publish_now":"initial","rop_publish_now_accounts":[],"rop_publish_now_history":[],"rop_publish_now_status":"pending","_exactmetrics_skip_tracking":false,"_exactmetrics_sitenote_active":false,"_exactmetrics_sitenote_note":"","_exactmetrics_sitenote_category":0,"footnotes":""},"class_list":["post-146","page","type-page","status-publish","has-post-thumbnail","hentry"],"_links":{"self":[{"href":"https:\/\/www.leotheodon.com\/V4\/wp-json\/wp\/v2\/pages\/146","targetHints":{"allow":["GET"]}}],"collection":[{"href":"https:\/\/www.leotheodon.com\/V4\/wp-json\/wp\/v2\/pages"}],"about":[{"href":"https:\/\/www.leotheodon.com\/V4\/wp-json\/wp\/v2\/types\/page"}],"author":[{"embeddable":true,"href":"https:\/\/www.leotheodon.com\/V4\/wp-json\/wp\/v2\/users\/1"}],"replies":[{"embeddable":true,"href":"https:\/\/www.leotheodon.com\/V4\/wp-json\/wp\/v2\/comments?post=146"}],"version-history":[{"count":6,"href":"https:\/\/www.leotheodon.com\/V4\/wp-json\/wp\/v2\/pages\/146\/revisions"}],"predecessor-version":[{"id":268,"href":"https:\/\/www.leotheodon.com\/V4\/wp-json\/wp\/v2\/pages\/146\/revisions\/268"}],"wp:featuredmedia":[{"embeddable":true,"href":"https:\/\/www.leotheodon.com\/V4\/wp-json\/wp\/v2\/media\/194"}],"wp:attachment":[{"href":"https:\/\/www.leotheodon.com\/V4\/wp-json\/wp\/v2\/media?parent=146"}],"curies":[{"name":"wp","href":"https:\/\/api.w.org\/{rel}","templated":true}]}}